 1433. Calculate n(-22).
-25
Let j(b) = b**2 - 7251*b + 445725. Give j(62).
7
Let o(l) = -9*l**2 - 69*l + 487. What is o(4)?
67
Let z(m) = -469*m - 296426. Calculate z(-632).
-18
Let h(o) = 114*o - 7729. Give h(69).
137
Let w(h) = 14*h**2 - 63*h - 5633. Determine w(22).
-243
Let v(j) = -9621*j - 19207. What is v(-2)?
35
Let r(c) = c**3 + 40*c**2 + 4268*c + 164920. Calculate r(-39).
-11
Let a(k) = -k**3 - 61*k**2 - 985*k - 2131. Calculate a(-25).
-6
Let h(m) = 2*m**3 - 27*m**2 + 26*m + 1342. Give h(12).
1222
Let g(o) = 21*o**2 - 181*o - 975. Give g(-5).
455
Let y(b) = -36*b - 2267. Give y(-99).
1297
Let i(n) = -2*n**3 + 23*n**2 + 130*n - 131. What is i(14)?
709
Let l(f) = f**3 - 39*f**2 + 657*f - 11628. What is l(30)?
-18
Let c(h) = -265180*h + 1325881. What is c(5)?
-19
Let z(s) = -5593*s**2 - 206948*s - 253. Give z(-37).
6
Let b(z) = z**3 - 27*z**2 - 2*z + 289. Calculate b(29).
1913
Let u(z) = 41*z**2 + 2740*z - 489. What is u(-67)?
-20
Let f(m) = 2*m**2 - 428*m - 27553. Calculate f(-55).
2037
Let l(p) = 201*p + 44822. Give l(-223).
-1
Let m(o) = -3*o**3 + 106*o**2 + 74*o - 93. What is m(36)?
-21
Let l(a) = -58*a**2 - 482*a - 660. Determine l(-6).
144
Let g(p) = -225*p - 32724. What is g(-145)?
-99
Let w(c) = -c**3 - 94*c**2 - 308*c + 4540. Give w(-90).
-140
Let t(v) = -v**3 + 7*v**2 - 7274*v - 43900. Determine t(-6).
212
Let u(s) = s**3 - 27*s**2 - 529*s + 14637. Calculate u(28).
609
Let g(i) = -i**3 - 10*i**2 + 2302*i - 19178. Calculate g(9).
1
Let o(c) = -c**2 + 918*c + 10218. What is o(-11)?
-1
Let i(t) = 4923*t - 561207. Calculate i(114).
15
Let u(j) = 52*j + 1572. Calculate u(-57).
-1392
Let f(d) = d**2 - 6971*d + 27882. Calculate f(4).
14
Let h(x) = x**3 + 94*x**2 + 228*x - 3505. What is h(-91)?
590
Let a(s) = -561*s + 46655. Calculate a(83).
92
Let b(x) = 28721*x - 718007. Give b(25).
18
Let g(p) = 40*p**2 - 78*p + 13. Calculate g(-6).
1921
Let b(o) = o**3 - 488*o**2 - 175*o + 85399. What is b(488)?
-1
Let a(k) = -9188*k - 101366. Calculate a(-11).
-298
Let t(a) = 10805*a - 43130. Calculate t(4).
90
Let k(r) = 6822*r - 14190. What is k(2)?
-546
Let a(i) = 73*i + 2273. What is a(-34)?
-209
Let n(g) = 2*g**2 - 3657*g - 11002. What is n(-3)?
-13
Let h(y) = -51*y**2 - 1340*y - 145. Give h(-26).
219
Let w(l) = -460*l**2 - 52896*l + 314. Determine w(-115).
-146
Let m(d) = -60*d**2 - 792*d + 1612. Give m(-15).
-8
Let y(q) = -q**3 - 58*q**2 - 81*q + 1503. What is y(-6)?
117
Let y(g) = -6*g**3 - 666*g**2 - 28*g - 3058. What is y(-111)?
50
Let z(p) = p**3 + 121*p**2 + 237*p - 539. Calculate z(-119).
-420
Let w(o) = -7*o**2 - 492*o - 1977. What is w(-4)?
-121
Let k(r) = -120*r**3 - 97800*r**2 + 6*r + 4877. What is k(-815)?
-13
Let b(w) = 221*w**2 + 3627*w - 2215. Calculate b(-17).
-5
Let k(n) = -161*n**2 - 4352*n + 32. What is k(-27)?
167
Let d(x) = 501*x**2 + 3023*x - 2. What is d(-6)?
-104
Let p(c) = -3052*c**2 - 787411*c + 1295. Calculate p(-258).
5
Let o(b) = -3417*b + 187926. Calculate o(55).
-9
Let y(t) = 1419*t**2 - 2283173*t + 3215. Calculate y(1609).
-3
Let i(a) = 7*a**3 + 2000*a**2 - 570*a + 1193. What is i(-286)?
621
Let o(p) = 251*p + 6383. What is o(-21)?
1112
Let w(i) = -i**3 + 50*i. Give w(-7).
-7
Let h(p) = 105136*p + 9987921. Give h(-95).
1
Let d(p) = 507*p**2 - 116*p - 82. Give d(2).
1714
Let r(t) = -t**3 + 77*t**2 + 7*t - 361. Calculate r(77).
178
Let n(q) = 2*q**2 - 734*q + 67164. Determine n(172).
84
Let s(d) = 4*d**2 + 964*d + 1939. Give s(-2).
27
Let n(d) = 1102*d + 7685. Determine n(-7).
-29
Let s(f) = -6*f**3 - 745*f**2 - 159*f - 4335. Determine s(-124).
5
Let v(p) = 7*p**2 + 501*p - 4243. What is v(8)?
213
Let n(m) = -3*m**2 - 6209*m + 3707920. What is n(484)?
-4
Let h(k) = -11472*k + 22749. What is h(2)?
-195
Let z(q) = -210112*q - 10085381. Give z(-48).
-5
Let o(m) = -90*m**3 + 3877*m**2 - 304*m + 69. Calculate o(43).
-60
Let b(a) = -a**3 + 27*a**2 - 216*a + 506. Calculate b(7).
-26
Let f(d) = -d**3 - 39*d**2 - 252*d - 5227. Determine f(-36).
-43
Let k(g) = -310407*g - 310415. Give k(-1).
-8
Let h(w) = 7*w + 1037. Determine h(93).
1688
Let d(w) = -139*w + 822. Determine d(16).
-1402
Let x(k) = 26536*k + 13692569. Determine x(-516).
-7
Let j(a) = 2*a**3 - 55*a**2 + 270*a + 560. What is j(20)?
-40
Let h(t) = -212*t**3 + 2*t**2 + 18*t - 8. Determine h(3).
-5660
Let t(f) = 27*f**3 + 5129*f**2 - 193*f + 113. Calculate t(-190).
683
Let y(g) = 3*g**3 - 372*g**2 + 578*g - 25716. Determine y(123).
-9
Let g(l) = -l**3 - 5*l**2 + 87*l + 37. Give g(-12).
1
Let q(a) = 4126*a + 12245. Determine q(-3).
-133
Let w(g) = 8*g**2 + 344*g - 1373. Determine w(4).
131
Let x(q) = 273*q**2 + 8729*q - 226. Calculate x(-32).
-2
Let m(o) = 33808*o + 1048410. Calculate m(-31).
362
Let g(d) = 3*d**3 + 132*d**2 - 830*d - 31269. Give g(-45).
6
Let z(y) = 1791*y - 119959. Give z(67).
38
Let l(g) = g**3 + 96*g**2 + 561*g + 35033. Calculate l(-94).
-29
Let k(l) = -84*l + 3585. Calculate k(33).
813
Let r(b) = -69*b**3 + 59*b**2 + 24*b + 71. What is r(-3)?
2393
Let n(m) = 4*m**3 - 105*m**2 + 158*m - 75. What is n(25)?
750
Let b(y) = 10*y**3 - 2*y**2 - 6*y - 9. Determine b(3).
225
Let p(m) = m**3 - 18*m**2 - 3308*m + 68151. What is p(21)?
6
Let j(v) = -v**2 - 5*v + 339. Calculate j(18).
-75
Let z(k) = -5*k**3 + 71*k**2 - 203*k + 134. Determine z(2).
-28
Let b(p) = 292*p**2 - 3444*p + 3442. Determine b(1).
290
Let b(t) = 241*t**3 + 206*t**2 + 2*t - 3. Calculate b(0).
-3
Let r(y) = -y**3 + 24*y**2 + 177*y + 426. What is r(30)?
336
Let y(z) = 5*z**3 - 1343*z**2 + 36415*z - 164. Calculate y(238).
74
Let l(a) = -269*a**2 - 1108*a + 357. What is l(-4)?
485
Let t(k) = k**3 + 4*k**2 - 160*k + 829. Determine t(6).
229
Let v(d) = -d**3 - 1424*d**2 + 3216*d + 519041. What is v(-1426)?
-23
Let t(j) = -260*j + 9244. Calculate t(31).
1184
Let m(i) = 8*i**2 - 1223*i + 4601. Give m(149).
-18
Let m(b) = b**3 - 373*b**2 - 50770*b - 1849. Calculate m(479).
67
Let z(a) = 9071*a - 353772. What is z(39)?
-3
Let z(l) = -174097*l + 1740969. Calculate z(10).
-1
Let g(j) = -j**3 - 40*j**2 + 68*j + 1209. What is g(-40)?
-1511
Let l(p) = 127*p**2 - 93*p - 5606. What is l(7)?
-34
Let i(l) = 12730*l - 10005784. Calculate i(786).
-4
Let o(t) = t**2 + 314*t - 10691. Determine o(-345).
4
Let p(y) = -7*y**2 + 156*y + 568. Calculate p(21).
757
Let u(a) = -31*a - 744. Determine u(-26).
62
Let p(v) = -1681*v + 151301. Determine p(90).
11
Let h(b) = 3267*b + 6731. Calculate h(-2).
197
Let r(y) = -235*y + 7191. Determine r(32).
-329
Let m(a) = 6390*a + 76467. Calculate m(-12).
-213
Let y(z) = -10*z**2 + 96*z + 809. What is y(15)?
-1
Let n(i) = 23*i**3 - 79*i**2 - 61*i + 94. What is n(4)?
58
Let r(f) = -9*f**2 - 240*f + 74. Determine r(-27).
-7
Let l(r) = 9194*r - 4606203. What is l(501)?
-9
Let v(u) = -915*u - 13832. Calculate v(-14).
-1022
Let v(y) = -y**2 - 299*y - 21490. Determine v(-133).
588
Let c(d) = -884*d**2 - 5378*d + 5378. Calculate c(1).
-884
Let f(k) = 15*k + 1205. Give f(-54).
395
Let a(o) = -12*o**2 + 1380*o + 1393. Calculate a(116).
1
Let f(h) = -2*h**2 + 954405*h + 5726506. Give f(-6).
4
Let z(c) = 7*c**2 - 83*c - 4893. Give z(33).
-9
Let m(a) = -3*a**3 - 9*a**2 - 990*a - 1986. Calculate m(-2).
-18
Let r(p) = -p**2 + 1146*p - 170791. Give r(176).
-71
Let n(u) = -7843*u - 1709775. Calculate n(-218).
-1
Let o(n) = n**2 + 364*n + 32970. Determine o(-181).
-153
Let j(g) = 2870*g - 51273. What is j(18)?
387
Let x(g) = g**2 - 57*g + 1747. Calculate x(19).
1025
Let x(n) = 3765*n + 154. Calculate x(1).
3919
Let t(s) = -9*s**2 - 99*s + 1332. Give t(11).
-846
Let d(u) = 35*u**2 - 241*u + 347. Give d(4).
-57
Let s(i) = -i**3 - 139*i**2 + 263*i + 17211. Calculate s(-140).
-9
Let c(i) = 60*i**2 + 5091*i - 765. What is c(-85)?
0
Let s(r) = -8*r**3 - 75*r**2 + 32*r + 62. Give s(-9).
-469
Let d(y) = 2*y**2 + 39*y - 1447. Give d(-38).
-41
Let o(r) = r**2 - 1990*r - 83225. Determine o(-41).
46
Let h(c) = 18*c**2 + 152*c + 439. Calculate h(-13).
1505
Let h(o) = -o**2 - 83*o + 259. What is h(-70)?
1169
Let n(j) = -15*j**3 + 6*j**2 + 323*j + 70. Give n(5).
-40
Let m(q) = 340749*q - 21126427. Give m(62).
11
Let d(s) = 2*s**2 + 154*s + 1222. Determine d(-67).
-118
Let w(f) = -f**3 - 57*f**2 + 748*f + 4906. Determine w(-67).
-320
Let m(l) = -l**3 + 17*l**2 - 3*l + 53. Determine m(9).
674
Let k(h